
84
Calculate the remainder when 11697 is divided by 11634.
63
What is the remainder when 2205 is divided by 2186?
19
Calculate the remainder when 89370 is divided by 84.
78
What is the remainder when 54248 is divided by 226?
8
What is the remainder when 1766 is divided by 827?
112
Calculate the remainder when 3651 is divided by 3389.
262
Calculate the remainder when 1683 is divided by 342.
315
Calculate the remainder when 691 is divided by 16.
3
Calculate the remainder when 20963 is divided by 258.
65
What is the remainder when 11957 is divided by 7?
1
What is the remainder when 3025595 is divided by 244?
239
Calculate the remainder when 4709 is divided by 4705.
4
What is the remainder when 1211205 is divided by 108?
93
What is the remainder when 12568 is divided by 12563?
5
What is the remainder when 246210 is divided by 525?
510
Calculate the remainder when 308 is divided by 241.
67
What is the remainder when 251 is divided by 165?
86
Calculate the remainder when 141006 is divided by 70468.
70
What is the remainder when 668486 is divided by 10?
6
What is the remainder when 55517 is divided by 48?
29
What is the remainder when 1288 is divided by 343?
259
Calculate the remainder when 237451 is divided by 178.
177
Calculate the remainder when 5555 is divided by 57.
26
What is the remainder when 191728 is divided by 581?
579
What is the remainder when 343823 is divided by 156?
155
Calculate the remainder when 103956 is divided by 565.
561
What is the remainder when 124622 is divided by 62309?
4
Calculate the remainder when 30023 is divided by 21.
14
Calculate the remainder when 1615 is divided by 266.
19
Calculate the remainder when 6151 is divided by 1966.
253
What is the remainder when 35357 is divided by 98?
77
What is the remainder when 22332 is divided by 854?
128
Calculate the remainder when 3662 is divided by 130.
22
Calculate the remainder when 311 is divided by 53.
46
Calculate the remainder when 2141 is divided by 87.
53
Calculate the remainder when 13841 is divided by 13834.
7
What is the remainder when 10276 is divided by 242?
112
What is the remainder when 142019 is divided by 141976?
43
Calculate the remainder when 243512 is divided by 597.
533
What is the remainder when 2199 is divided by 31?
29
What is the remainder when 10957 is divided by 297?
265
Calculate the remainder when 55899 is divided by 65.
64
Calculate the remainder when 65926 is divided by 32841.
244
Calculate the remainder when 1111 is divided by 926.
185
Calculate the remainder when 2132 is divided by 530.
12
What is the remainder when 7967 is divided by 7672?
295
What is the remainder when 13168 is divided by 506?
12
What is the remainder when 3495 is divided by 3482?
13
Calculate the remainder when 126627 is divided by 6664.
11
Calculate the remainder when 513698 is divided by 50.
48
Calculate the remainder when 78623 is divided by 288.
287
Calculate the remainder when 20151373 is divided by 2125.
2123
What is the remainder when 13990 is divided by 61?
21
Calculate the remainder when 2657 is divided by 187.
39
Calculate the remainder when 1007 is divided by 198.
17
What is the remainder when 1841 is divided by 375?
341
What is the remainder when 325112 is divided by 36?
32
Calculate the remainder when 1318376 is divided by 140.
136
Calculate the remainder when 206510 is divided by 41293.
45
Calculate the remainder when 8979379 is divided by 57.
55
Calculate the remainder when 26397 is divided by 197.
196
Calculate the remainder when 26889 is divided by 791.
786
What is the remainder when 30356 is divided by 415?
61
What is the remainder when 126521 is divided by 63177?
167
Calculate the remainder when 6340 is divided by 1585.
0
What is the remainder when 8152 is divided by 29?
3
Calculate the remainder when 1799 is divided by 1509.
290
Calculate the remainder when 26598 is divided by 50.
48
What is the remainder when 2142818 is divided by 301?
300
Calculate the remainder when 26127 is divided by 8.
7
What is the remainder when 14818 is divided by 407?
166
What is the remainder when 114736 is divided by 1274?
76
Calculate the remainder when 25378 is divided by 12685.
8
Calculate the remainder when 15263 is divided by 477.
476
Calculate the remainder when 298663 is divided by 54.
43
Calculate the remainder when 6499 is divided by 645.
49
Calculate the remainder when 76755 is divided by 54.
21
Calculate the remainder when 37994 is divided by 3432.
242
Calculate the remainder when 613247 is divided by 12.
11
What is the remainder when 56490 is divided by 90?
60
Calculate the remainder when 1723 is divided by 1722.
1
What is the remainder when 46696 is divided by 4237?
89
Calculate the remainder when 7101 is divided by 2264.
309
Calculate the remainder when 54306 is divided by 1872.
18
What is the remainder when 36593 is divided by 33?
29
Calculate the remainder when 151770 is divided by 586.
582
Calculate the remainder when 2317 is divided by 79.
26
Calculate the remainder when 10532 is divided by 3509.
5
Calculate the remainder when 2562 is divided by 77.
21
What is the remainder when 298933 is divided by 63?
61
Calculate the remainder when 1064261 is divided by 74.
67
Calculate the remainder when 435887 is divided by 7.
4
Calculate the remainder when 629 is divided by 35.
34
What is the remainder when 8963 is divided by 146?
57
What is the remainder when 12063 is divided by 45?
3
Calculate the remainder when 40988 is divided by 40964.
24
What is the remainder when 4471 is divided by 1405?
256
What is the remainder when 31338 is divided by 560?
538
Calculate the remainder when 1552 is divided by 1544.
8
Calculate the remainder when 30789 is divided by 320.
69
Calculate the remainder when 89901 is divided by 89894.
7
What is the remainder when 131125 is divided by 347?
306
What is the remainder when 84543 is divided by 183?
180
What is the remainder when 41368 is divided by 1035?
1003
What is the remainder when 76628 is divided by 266?
20
Calculate the remainder when 15102 is divided by 5.
2
What is the remainder when 209805 is divided by 12?
9
What is the remainder when 72357 is divided by 387?
375
Calculate the remainder when 1070035 is divided by 8.
3
What is the remainder when 14026 is divided by 182?
12
Calculate the remainder when 557 is divided by 197.
163
Calculate the remainder when 1500 is divided by 60.
0
Calculate the remainder when 261912 is divided by 21824.
24
What is the remainder when 5380 is divided by 2576?
228
What is the remainder when 589418 is divided by 32745?
8
Calculate the remainder when 194436 is divided by 953.
24
Calculate the remainder when 353513 is divided by 38.
37
What is the remainder when 272 is divided by 74?
50
What is the remainder when 7723 is divided by 14?
9
Calculate the remainder when 4098 is divided by 22.
6
What is the remainder when 6503 is divided by 186?
179
What is the remainder when 429678 is divided by 1260?
18
What is the remainder when 5351 is divided by 144?
23
Calculate the remainder when 14330 is divided by 1236.
734
Calculate the remainder when 64654 is divided by 19.
16
What is the remainder when 34957 is divided by 11625?
82
What is the remainder when 19358 is divided by 666?
44
What is the remainder when 43918 is divided by 263?
260
What is the remainder when 91587 is divided by 710?
707
What is the remainder when 3619 is divided by 3610?
9
Calculate the remainder when 64570 is divided by 141.
133
Calculate the remainder when 10854 is divided by 231.
228
What is the remainder when 29320 is divided by 48?
40
Calculate the remainder when 138889 is divided by 14.
9
What is the remainder when 607 is divided by 188?
43
Calculate the remainder when 216127 is divided by 25.
2
What is the remainder when 10319 is divided by 48?
47
Calculate the remainder when 563095 is divided by 1722.
1
Calculate the remainder when 308745 is divided by 325.
320
Calculate the remainder when 572 is divided by 53.
42
What is the remainder when 1589 is divided by 18?
5
Calculate the remainder when 752266 is divided by 188064.
10
What is the remainder when 10880 is divided by 119?
51
What is the remainder when 15973 is divided by 15970?
3
What is the remainder when 4362 is divided by 129?
105
What is the remainder when 3148 is di